728)/y.
257
Let p = 51 - 44. Suppose -p*k + 13*k - 18 = 0. Suppose -2*r + 2*h + 238 = 0, -6*r + k*h = -4*r - 242. What are the prime factors of r?
5, 23
What are the prime factors of 110493/6 + (-75)/(-30)*(0 + -1)?
18413
Suppose -3*u + 5*u + 2491 = g, 0 = -3*g + 3*u + 7485. Let q = g - 1300. List the prime factors of q.
11, 109
What are the prime factors of 0 - -11 - 2181064/(-337)?
3, 2161
Let a = -239 + 225. What are the prime factors of 3293/7 + 6/a?
2, 5, 47
Suppose 178*x - 4438951 = 1997885. List the prime factors of x.
2, 3, 7, 41
What are the prime factors of (192/(-6) + 6)/(-3*2/2505)?
5, 13, 167
Let r(o) = -o**3 + 5*o**2 + 4*o - 4. Let d be r(6). Let a = 16 + d. Suppose a*w = -2*w + 48. What are the prime factors of w?
2, 3
Let m(k) = -175*k + 2. Let x be m(-1). Let n = 1037 + x. What are the prime factors of n?
2, 607
Let a(z) = 1077*z + 618. What are the prime factors of a(2)?
2, 3, 7, 11
Let c = -6056 + 8853. What are the prime factors of c?
2797
Suppose 21 = 3*t + 9. Let d be 1*-148*(-4)/t. Suppose -4*h + d = -104. List the prime factors of h.
3, 7
Let t be (-3)/(-1) - (1 - -2). Suppose t = -m + 40 - 39. List the prime factors of m*(54 - 9/(-3)).
3, 19
Let d = -1466 - -42246. List the prime factors of d.
2, 5, 2039
Let p = 30329 + 23401. List the prime factors of p.
2, 3, 5, 199
Let l(j) = -j**3 - 41*j**2 - 101*j + 356. List the prime factors of l(-47).
3, 29, 211
Let t = 56 - 51. Suppose 3*g + t = 2*g - n, 2*g + 25 = -5*n. Suppose g*k = 2*k + 3*s - 45, 3*k - 30 = 3*s. What are the prime factors of k?
3, 5
Suppose 3*n + 2*z + 18818 = 86205, -3 = 3*z. List the prime factors of n.
7, 3209
Suppose -2*c + 9*c - 7637 = 0. Let u = -748 + c. What are the prime factors of u?
7
Let j be (-2)/4*(4 - 0). Let i be ((2 + -3)/2)/(j/12). Suppose z + i*z = 832. What are the prime factors of z?
2, 13
Let v = -1812 - -1034. Let r = -349 - v. What are the prime factors of r?
3, 11, 13
Suppose 0 = 3*p + 3*x - 53595, -5*p - x - 89295 = -10*p. What are the prime factors of p?
2, 5, 19, 47
Suppose 11801 + 82951 = 21*n. What are the prime factors of n?
2, 3, 47
Let z(b) be the second derivative of -11*b**3/2 + b**2/2 - 4549*b. Let m = 8 + -15. List the prime factors of z(m).
2, 29
Let u be 1999 + 3*(-6)/9. Suppose 0 = 9*z - u - 757. List the prime factors of z.
2, 3, 17
Let z = -442 - -450. Suppose -4*m = z, -24*j = -20*j - m - 1214. What are the prime factors of j?
3, 101
List the prime factors of (3362/6)/((-110)/(-330)).
41
What are the prime factors of 29544/9*255/170?
2, 1231
Suppose -1 + 11 = -5*o, 2*n + 8 = 2*o. Let j be n/(-36)*15*86. Suppose 34*q - j = 33*q. What are the prime factors of q?
5, 43
Suppose -492938 - 18830 = -71*a. List the prime factors of a.
2, 17, 53
Suppose -11575*d = -11591*d + 108112. What are the prime factors of d?
29, 233
Let p = 48197 + -13955. What are the prime factors of p?
2, 3, 13, 439
List the prime factors of -79*(-7 - -6)*(-219 + -4)*-1.
79, 223
Let p(a) be the third derivative of 101*a**5/30 - 7*a**4/24 + 2*a**3 + 192*a**2. What are the prime factors of p(2)?
2, 13, 31
Suppose 4*w = 3*r + 28, 2*r + 54 = 5*w + 3*r. Suppose -311 - 1219 = -w*o. What are the prime factors of o?
3, 17
Let t be (-4)/10 + 14322/30. Let f be t/(((-12)/3)/(-4)) - 1. Suppose -9*j + f = -2*j. What are the prime factors of j?
2, 17
Suppose -62*a = -23*a. Suppose 55*x - 44*x - 231 = a. List the prime factors of x.
3, 7
Suppose -k + 980 = 985, -4*q = 2*k - 97586. List the prime factors of q.
3, 2711
Let s = -254 - -278. Suppose 12858 = s*t - 24630. What are the prime factors of t?
2, 11, 71
Let c(b) = -1154*b + 814. List the prime factors of c(-19).
2, 3, 5, 379
Suppose -12*k + 23*k - 43637 = 0. What are the prime factors of k?
3967
Let l = 2296 - -39. What are the prime factors of l?
5, 467
Suppose 13*l - 44565 = 28833. List the prime factors of l.
2, 3, 941
Let z = 80590 + -30670. List the prime factors of z.
2, 3, 5, 13
Let x(r) = -7*r**2 + 84*r - 3. Let o be x(12). What are the prime factors of (5 + -4)/(o/(-573))?
191
Suppose 5*f + 9 = -21. Let d be 3 - (-20)/f*12/8. What are the prime factors of d/(-9) - 5160/(-108)?
2, 3
Let j = -173 + 210. Suppose 0 = -39*a + j*a - 6, 2*d + 3*a - 959 = 0. What are the prime factors of d?
2, 11
Let k = -13168 - -39010. List the prime factors of k.
2, 3, 59, 73
Let p(a) = -34*a**2 - 93*a - 49. Let r(g) = -15*g**2 - 46*g - 25. Let d(f) = -4*p(f) + 7*r(f). List the prime factors of d(-7).
2, 5, 7, 17
Let n be 48/18*((-135)/(-2))/3. Let q be n/33 - (24/22)/(-6). Suppose -s = -2*g + 18, -6*s = q*g - s - 18. List the prime factors of g.
3
Let o be -52 + 50 - 7/1. Let d(q) = q**2 - 17*q - 5. Let i(f) = -f**2 + 1. Let z(x) = -d(x) - 3*i(x). What are the prime factors of z(o)?
11
Let g(d) = d**2 - 11*d - 37. Let c be g(14). List the prime factors of (-174)/12*c/((-10)/104).
2, 13, 29
Suppose -150959 = 36*a - 1033319. Suppose -21*r + a = 22*r. List the prime factors of r.
2, 3, 5, 19
Let a = 513 - 267. Let q = 1255 + a. What are the prime factors of q?
19, 79
Let q = -22652 - -34247. Suppose 47*r - 65344 - q = 0. List the prime factors of r.
1637
Let v be -60 + 56 - (1110/(-1) + 1). Suppose -4*b + v = -1323. List the prime factors of b.
607
Let k = 55 + -53. Suppose k*n = -3*n - 4*y + 494, 4*n - y - 391 = 0. What are the prime factors of n?
2, 7
Suppose 0 = -39*h + 36*h + 39. Suppose w - 819 = -g, -8*g + h*g = -4*w + 4098. What are the prime factors of g?
2, 3, 137
Let j(i) = 43*i + 2329. List the prime factors of j(59).
2, 3, 811
Suppose -39*p - 441*p = -12497280. What are the prime factors of p?
2, 23, 283
Suppose -4*q = -q - 2*r + 350, -5*q - 620 = 4*r. Let x = q - -128. Suppose -x*f = -12*f + 196. What are the prime factors of f?
7
Let o(h) = h**3 + 12*h**2 - 16*h - 19. Let r be 6/15*(-2)/(4/(-10)). Let k = r - 15. What are the prime factors of o(k)?
2, 5
Suppose 4*n = 3*q + 11 + 9, 2*n - 10 = 5*q. Let y be (-5)/(-1) + -3 - n. What are the prime factors of y/(-21) + 979/7?
2, 5, 7
Suppose 0 = -155*z + 600733 + 827282. List the prime factors of z.
3, 37, 83
Let a(k) = 1033*k - 813. List the prime factors of a(4).
3319
Let i = -27392 - -47093. What are the prime factors of i?
3, 11, 199
Let s = 1762 + 2078. List the prime factors of s.
2, 3, 5
Let v = 48 + -35. Suppose -3*a - 12 = -5*z, a - v = 3*a - 5*z. List the prime factors of 89 - ((-6 + -2)/4 - a).
2, 23
Let m be (-3)/((-9)/42) + -1. Suppose -5*h + 5375 = 5*q, m*h + 3*q = 14*h - 1095. List the prime factors of h.
2, 3, 5
Let y be 6/(-3)*(-3)/(-6) - -112. Suppose 2*b = -y + 3. List the prime factors of (-3414)/b + 4/(-18).
3, 7
Let o(i) = 808*i - 1145. What are the prime factors of o(10)?
5, 19, 73
Suppose 2*w + 1775 = q, 7*q - 3515 = 5*q - 3*w. What are the prime factors of q?
5, 353
Let c(x) = x**3 - 46*x**2 - 80*x + 5. Let y be c(48). Let o = 102 + y. What are the prime factors of o?
5, 7
Let s(v) be the first derivative of -v**4/4 + 22*v**3/3 + v**2 - 39*v - 44. Let f be s(22). Suppose -369 = -f*n - 54. List the prime factors of n.
3, 7
Let l(w) = w**2 - 4*w + 2. Let h be l(4). Suppose -52 = -h*n - 146. Let f = n + 82. What are the prime factors of f?
5, 7
Let c(d) = 57*d**2 + 27*d - 77 - 20*d**2 - 20*d**2 - 14*d**2. What are the prime factors of c(-21)?
7, 97
What are the prime factors of (-1770)/(-8)*616/231?
2, 5, 59
Suppose -4*z - 1 = -37. Let p be 1 + 2/(-6)*45/(-15). List the prime factors of (186/z)/(p/9).
3, 31
Let z(n) = -87*n**3 - 3*n**2 - 79*n - 742. List the prime factors of z(-7).
3, 5, 7, 281
Suppose -12103*x = -12028*x - 3333675. What are the prime factors of x?
44449
Let g(x) = 12*x**2 + 54*x + 3363. List the prime factors of g(74).
3, 23, 353
Suppose -13*y + 15*y + 2*l - 13278 = 0, -3*y - 4*l + 19918 = 0. What are the prime factors of y?
2, 3319
Suppose 0 = -22*f - 56 + 232. Let a(l) = 46*l - 118. What are the prime factors of a(f)?
2, 5
Let r(u) = 7*u - 7. Let a be r(1). Suppose a = 2*c - 3*m - 66, 4*c - 4*m = 14 + 110. List the prime factors of c.
3
Suppose p = -5*i + 252235, -26*i = -31*i - 8*p + 252200. What are the prime factors of i?
2, 3, 1051
Let y be (-399)/(-15) + 21/(-35). Let q = -21 + y. Suppose 3*u - 17 + q = 0. What are the prime factors of u?
2
Suppose 80 = -7*n - 200. Let k = -41 - n. List the prime factors of 11